 is divided by a?
0
Let f = 120 + -39. What is the remainder when f is divided by 12?
9
Suppose 0 = 4*z - a - 46, -2*z - 4*a + 7 = -25. Calculate the remainder when 366/10 + z/30 is divided by 13.
11
Let d be -1*9/(-6)*2. Suppose 4*m = 3*m + d. Let a = 8 - 1. Calculate the remainder when a is divided by m.
1
Suppose 4*w - 7 = q, -3*w - 28 = 5*q - 108. What is the remainder when 60 is divided by q?
8
Calculate the remainder when -2 + 17 + 2 + -4 is divided by 8.
5
Suppose -28*d + 27*d + 133 = 0. What is the remainder when d is divided by 17?
14
Suppose -g + 4*c = -29, 5*g - 35 = 2*g - c. Let x = -36 + 85. What is the remainder when x is divided by g?
10
Let z(y) = -y**3 + 10*y**2 - 8*y - 5. What is the remainder when 16 is divided by z(9)?
0
Let z(l) = 8*l**2 - 3*l + 2. What is the remainder when 25 is divided by z(1)?
4
Let q(j) = -22*j + 1. Calculate the remainder when 45 is divided by q(-1).
22
Calculate the remainder when (-79)/(-7) + (-18)/63 is divided by 6.
5
Calculate the remainder when (-658)/(-56) + 1/4 is divided by 7.
5
Let a = 26 - 10. What is the remainder when 61 is divided by a?
13
Suppose 0 = -3*i - 1 - 8. Calculate the remainder when (1 - 0) + (-48)/i is divided by 9.
8
Let t be -1*15 + (1 - 0). Let j be (-4)/t + 19/7. Suppose -j*i - 2*g + 17 = -6*g, -4*g - 8 = 0. Calculate the remainder when 7 is divided by i.
1
Let h(m) = m**3 - 5*m**2 - 6*m. Let c be h(5). Let n = 12 - c. Calculate the remainder when n is divided by 22.
20
Let m = 156 - 75. What is the remainder when m is divided by 21?
18
Let a(f) = 10*f**3 + 2*f**2 + 5*f - 4. Let m be a(3). Suppose 3*z = 4*w - m, -2*w + 5*w = -z + 234. Calculate the remainder when w is divided by 20.
17
Suppose 3 = -q + 5*s, 3*q = -q - 5*s + 88. What is the remainder when 30 is divided by q?
13
Suppose -o + y = o - 2, -4*o = 3*y + 16. Suppose -z + 10 + 4 = 0. What is the remainder when (38 + (-3)/o)*1 is divided by z?
13
Let u(g) = 1. Let c(t) = -t - 2. Let i(w) = c(w) - u(w). What is the remainder when i(-8) is divided by 4?
1
Let g(p) = -p**2 + 7*p + 6. Let y = 1 + 6. Let x be g(y). Let n(k) = k**2 - 2*k + 1. What is the remainder when 48 is divided by n(x)?
23
Suppose -4*f = -f + 3. Suppose -w - 3*m + 47 = 0, -5*m + 0*m = -5*w + 215. Calculate the remainder when w is divided by f*(-23 - 0/(-3)).
21
Let t be (7/14)/((-1)/(-52)). Suppose 2*q + 4*j + j - 18 = 0, 2*q - t = -j. Calculate the remainder when 39 is divided by q.
11
Let j(a) = 8*a**2 + 6*a + 9. Suppose 9 = m + 2*m. Suppose 3*s + 21 = m*c - 0*c, -c + 25 = 5*s. Calculate the remainder when j(-2) is divided by c.
9
Let q be -3 - (-8)/4 - -8. Suppose 1 = -3*o + q. Calculate the remainder when o is divided by 1.
0
Suppose -2*r - 2*r = -4. Let m(a) = 13*a + 1. What is the remainder when m(r) is divided by 8?
6
Let l be (-3)/(6/(-170)) - 0. Suppose 2*z = 7*z - l. Suppose 2*m + 21 = 4*p - 23, 0 = -p + m + 13. What is the remainder when z is divided by p?
8
Suppose 3*r = 4*k - 136, -3*k - 2*r + 77 = 2*r. Let b = 56 - k. What is the remainder when 48 is divided by b?
23
Suppose -57 - 28 = -5*b - 3*u, 2*b - 34 = -3*u. Suppose -5*t = -193 - 137. What is the remainder when t is divided by b?
15
Let n(c) = 8*c. Let m be n(5). Suppose 2*v - m = -2*v. Suppose 0 = -5*u + 5*b + 109 + 56, 10 = -2*b. Calculate the remainder when u is divided by v.
8
Let p(m) = -2*m + 15. Let u be p(-8). Suppose 6*o = 223 - u. What is the remainder when o is divided by 17?
15
Let u be (330/25)/((-2)/(-5)). Suppose -3*f + 63 = 3*w, 3*f - 2*f = -4*w + u. Calculate the remainder when f is divided by 9.
8
Suppose 3*i - 37 = 2*h, -3*i = -i + 5*h - 50. Calculate the remainder when 58 is divided by i.
13
Suppose -2*r + 26 = -8. What is the remainder when 33 is divided by r?
16
Suppose 0 = -2*s + 5*s + 39. Let c = s + 20. Calculate the remainder when c is divided by 3.
1
What is the remainder when -12 + 37 - 2*1 is divided by 4?
3
Suppose -p + 2*a = -0*a - 50, -110 = -3*p - 4*a. What is the remainder when p is divided by 22?
20
Let g = 11 - 0. What is the remainder when 19 is divided by g?
8
What is the remainder when -66*(-3)/6 + 2 is divided by 12?
11
Let u(x) = x - 5. Let t be u(4). Let k = 2 + t. Calculate the remainder when -2 + (43 + k)/2 is divided by 11.
9
Let n(o) = 7*o + 1. Let m = -35 + 64. What is the remainder when m is divided by n(2)?
14
Let g = 8 + -13. Let j(d) = d**2 + 4*d + 7. Let o(f) = 2*f**2 - 4*f - 7. What is the remainder when o(5) is divided by j(g)?
11
Let l be (-176)/10 - (-16)/(-40). Let p = l + 76. What is the remainder when p is divided by 20?
18
Let g(p) = p**3 + 8*p**2 + 4*p - 1. Suppose -4*l - 8 = 2*f - 32, -5*l + 2*f + 39 = 0. What is the remainder when g(-7) is divided by l?
6
Suppose 0*h = 2*h + 18. Let l = h + 15. Calculate the remainder when 17 is divided by l.
5
Suppose -2*i - 21 - 1 = 0. Let n be i/(-4) + 1/4. Suppose -4*b - 3*g + 29 = -23, -n*b + g + 52 = 0. What is the remainder when 46 is divided by b?
14
Let g(r) = r**3 - 2*r**2 + 3*r - 1. Let v = 13 - 9. What is the remainder when 588/18*6/v is divided by g(3)?
15
Let n = -56 + 69. Let s(p) = 50*p**2 + p - 1. Calculate the remainder when s(1) is divided by n.
11
Suppose -f = f - 24. What is the remainder when 22 is divided by f?
10
Let b(j) = j**3 + 4*j**2 - 6*j - 2. Let v be -10*1*(-8)/(-16). Let t be b(v). Suppose -28 = -t*l + l. Calculate the remainder when 53 is divided by l.
11
Suppose -2*w = -5*l - w + 42, 3*l = -2*w + 33. Let b(n) = n**2 - 10*n - 7. Let z be b(5). What is the remainder when 0 + 2 - (8 + z) is divided by l?
8
Suppose 3*a + 5 = 29. Calculate the remainder when 30 is divided by a.
6
Let k(g) = 4*g + 6. Calculate the remainder when k(8) is divided by 10.
8
Suppose 5*x - x + s = 211, 0 = -2*x + s + 107. What is the remainder when x is divided by (1 + -3)/(2/(-14))?
11
Let r = 7 - 13. Calculate the remainder when 42*(3/r)/(-1) is divided by 11.
10
Let c(h) = -2*h**3 - 6*h**2 - 2*h + 3. What is the remainder when 169 is divided by c(-4)?
40
Let s(i) = i - 4*i**2 + 0*i**2 + i**3 - 6*i. Let y be s(5). Suppose y = 3*z - z - 34. Calculate the remainder when z is divided by 6.
5
Suppose 5*m - 86 = t, -3*m - t + 33 = -m. Let o(k) = 17*k - 2. Calculate the remainder when o(2) is divided by m.
15
Suppose 0 = -2*r + 4*m + 4, -r - 3*m = 15 + 3. Let v(c) = -5*c - 7. What is the remainder when v(r) is divided by 8?
7
Let w(r) = r**3 - 6*r**2 + 7*r - 3. Suppose -2*z - 1 = -7. Suppose -3 + 18 = z*q. Calculate the remainder when w(q) is divided by 3.
1
Let l(v) = -5*v**2 - 35*v + 32. Let x(t) = t**2 + 9*t - 8. Let i(b) = 2*l(b) + 9*x(b). What is the remainder when (-6)/21 - (-792)/28 is divided by i(9)?
8
Let u = 32 - 25. What is the remainder when 19 is divided by u?
5
Let n be -1 - (46*-1)/(-2). Suppose 4*f + 8 + 28 = 0. Let p = f - n. What is the remainder when p is divided by 6?
3
Suppose 3*o - 15 = -z, 0*o + 5*z + 5 = o. Suppose -4*u - 15 = -o*u. What is the remainder when u is divided by 6?
3
Let l(x) = 3*x**2 + 3*x - 1. Let d(j) = -2*j - 7. Let q be d(-5). Calculate the remainder when l(q) is divided by -13*(-1 + 0) + -1.
11
Suppose 3*h + 17 = 50. What is the remainder when (-107)/(-5) - (-2)/(-5) is divided by h?
10
Suppose 2*d + 66 = 5*d. Calculate the remainder when 42 is divided by d.
20
Let i(h) = h - 7. Let z = 10 - 5. Let f be i(z). What is the remainder when 35 is divided by (8 - 0)*(-3)/f?
11
Suppose -11 = -3*o - 29. Let u(z) = z**2 - 1. Calculate the remainder when u(o) is divided by 18.
17
Let q(a) = -a**3 - 10*a**2 + 10*a. Let y be 3/(-2)*(-44)/(-6). Calculate the remainder when 32 is divided by q(y).
10
Suppose -5*p + 3 - 1 = -2*w, 0 = -4*w - 4. Suppose 2*h + p*h - 12 = 0. Suppose 0 = q + 4, -q = -0*c + c - h. What is the remainder when c is divided by 4?
2
Suppose -5*s = -3*m + 38, -2*s - s - 10 = -m. Let t be -3 - -2 - -2 - 0. Calculate the remainder when 12 is divided by (m - t)*3/9.
2
Let v be 323/(-5) + 2/(-5). Let g = 114 + v. What is the remainder when g is divided by (-1717)/(-102) + (-1)/(-6)?
15
Calculate the remainder when ((-21)/(-4))/((-18)/(-72)) is divided by 12.
9
Suppose 4*x - 884 = -2*h, -471 = -2*x - 4*h - 35. What is the remainder when x is divided by 25?
22
Let b = -3 + 12. Suppose 4*k + 0*k = -212. Let s = k + 87. What is the rema